hat is a(5)?
7
Let i(o) be the first derivative of o**3/3 - 3*o**2 + 1. Let p be ((-3)/(-6))/(2/(-4))*-5. Determine i(p).
-5
Let c(u) = u + 7. Let q(g) = g**3 + 10*g**2 + 7*g - 12. Let m be q(-9). Suppose -m = -2*p + 2*x, 2*x + 11 = -5*p + 5. What is c(p)?
7
Let s(z) be the third derivative of 5*z**2 + 1/8*z**4 - 5/6*z**3 + 1/60*z**5 + 0*z + 0. What is s(-5)?
5
Let r(l) = -2*l**2 + 4*l - 2. Let y be r(2). Let n be y + 0 - (1 - 2). Let f(a) = 4*a**3 - a - 1. Let b be f(n). Let k(x) = -x - 2. What is k(b)?
2
Let s be ((-10)/(-3) + -3)*30. Let v = s - 16. Let h(w) = -w - 7. Give h(v).
-1
Let c(h) = -h + 8. Let l(w) = w**3 - 12*w**2 + 10*w + 9. Let p be l(11). Let r(v) = 2*v + 1. Let k be r(p). Let x = k + 3. Determine c(x).
8
Let z = 11 - 5. Suppose -1 = p - z. Let o(j) be the first derivative of j**4/4 - 4*j**3/3 - 2*j**2 - 7*j + 13. Determine o(p).
-2
Let t(g) = -2*g + 1. Let k be t(-2). Suppose -7*q = -2*q + x - 18, -q - k*x = 6. Let p = 2 - q. Let v(o) = 3*o - 1. Give v(p).
-7
Let n(z) = -3*z - z**2 - 2*z + 3*z**2 + 2. Let q(p) = p - 14. Let g(c) = c - 14. Let x(h) = -4*g(h) + 3*q(h). Let b be x(11). Give n(b).
5
Suppose -i + 12 = -7. Suppose 4*h - i = -7. Let d(w) = -3*w + 2. What is d(h)?
-7
Let i(w) be the first derivative of -w**4/4 - 2*w**3 - 3*w**2 - 6*w - 5. Determine i(-5).
-1
Let y = -98 - -101. Let l(j) be the third derivative of -1/24*j**4 + 0 - j**2 + 2/3*j**3 + 0*j. What is l(y)?
1
Let m(j) = 6*j**2 + 3 - 4 + 3*j + 1. Determine m(-2).
18
Let w(b) = 3*b**3 + 8*b**2 - 6*b - 9. Let a(r) = -2*r**3 - 5*r**2 + 4*r + 6. Let o(q) = 8*a(q) + 5*w(q). Let x be 20/20*(-4)/2. Give o(x).
7
Let c(n) = -9*n. Let g be (-1 - -2)/(2/58). Let p = g - 21. Suppose 4 = p*t - 4*t. Calculate c(t).
-9
Let n = -1 - -5. Suppose -2*w + 0*m = n*m + 6, 6 = -2*m. Let s(y) = -y + 4. What is s(w)?
1
Let y(u) = u**2 - 2*u. Let s be y(-2). Suppose 2*a = 5*h, -5*h - s = 2. Let w(k) = k + 4. Determine w(a).
-1
Let i(d) be the third derivative of -d**6/120 + d**5/15 + d**4/12 - d**3/3 - 24*d**2. Give i(4).
6
Let t(u) = u**3 - 4*u**2 + 2*u - 4. Let b be 2/12 - 35/30. Let p = 4 + b. Calculate t(p).
-7
Let q = -2 + 6. Suppose 30 - 6 = 4*y + 4*i, 0 = q*i + 4. Let u(a) = a**3 - 6*a**2 - 9*a + 10. Calculate u(y).
-4
Let j(d) = d**2 - 4*d - 3. Let v be ((-36)/(-24))/(6/16). Determine j(v).
-3
Let h(t) be the first derivative of -t**3 + t**2/2 + 1. Let l be (-93)/(-87) + 6/(-87). What is h(l)?
-2
Let p(g) = 3*g**2. Suppose -5*z + 12 = -2*a + a, 5*z = 4*a + 18. Calculate p(z).
12
Let h(i) = -i**2 - 7*i - 6. Let z(p) = -p**2 - 4*p - 5. Suppose -2*u + 3*g + 1 = 0, 5*u + 9 = 2*g - 5. Let a be z(u). What is h(a)?
4
Let n(p) = p**3 - 3*p**2 - 2*p - 3. Let f(h) = -h + 3. Let w be f(-7). Suppose 2*m = -4*i - 14, 2 = -m + i + w. What is n(m)?
-9
Let u(i) = i**2 + 1. Let b(o) = -o**2 + 7*o + 5. Let p(c) = b(c) + 2*u(c). What is p(-6)?
1
Let i(b) = b**3 + 3*b**2 + 3. Let k be (-6)/21 + -19*3/21. Give i(k).
3
Let s(x) be the first derivative of x**4/4 - x**3 - x**2 + 2*x - 1. Calculate s(3).
-4
Suppose 3*l - 6 = 3. Let k(z) = -6*z + 3. Let g(x) = -x. Let c be (-2 - -3)*(0 - -1). Let y(q) = c*k(q) - 5*g(q). Calculate y(l).
0
Let u(q) = 2*q - 2. Suppose p - 5 = -3. Suppose 3*f + p*f = 15. Calculate u(f).
4
Let a(p) = -8*p**2 + 3 - 4*p - 2*p**2 + p**3 + p + 12*p**2. Calculate a(-3).
3
Let j(u) be the second derivative of -u**5/10 - u**4/6 + u**3/6 + u. What is j(1)?
-3
Let m(p) be the third derivative of -p**4/24 + 5*p**3/3 - 15*p**2. Suppose 0 = -5*l + 4 + 21. Let s be m(l). Let b(r) = -r + 11. Calculate b(s).
6
Let v(a) = 2*a**3 + 6*a**2 + 2*a + 7. Let z(l) = l**3 + 5*l**2 + l + 6. Let q(n) = -2*v(n) + 3*z(n). What is q(4)?
-16
Suppose -6 = v - 9. Let y(i) = -i**3 + 2*i**2 + 4. Determine y(v).
-5
Let w(y) = 4*y**2 + 21*y - 17. Let m(n) = 12*n**2 + 2. Let g(a) = a**2 - a + 1. Let v(o) = 10*g(o) - m(o). Let d(z) = 13*v(z) + 6*w(z). Determine d(-4).
-14
Let d = 8 + -6. Let x(j) = -2*j**2 + 2*j**2 + j**d. Determine x(-1).
1
Let a(z) be the second derivative of -z**4/12 - 5*z**3/6 + 7*z. Give a(-6).
-6
Let h(g) = g**2 + 11*g + 7. Let w be h(-11). Let j(f) = 5*f**2 - 10*f - 5. Let x(c) = 5*c - 2*c + 4 - 4*c**2 + 6*c. Let m(k) = w*x(k) + 6*j(k). Give m(-3).
7
Let s be -2 + 4*(0 - -1). Let g = 18 - 16. Let h(u) = 4*u**2 + 0*u**2 - 2 - 3*u**g. What is h(s)?
2
Let z(a) be the second derivative of a**4/12 + a**3/2 - 3*a**2 + a. Let o be z(-5). Let l(f) = -f + 4*f**2 - 5 - 3*f**2 + 0*f**2. Give l(o).
7
Suppose -3*w - 11 = -l + 3*l, 15 = 5*l - w. Suppose -5 = l*p + 5. Let y(j) = 5*j - 6. Let k(v) = -14*v + 17. Let b(x) = 6*k(x) + 17*y(x). Give b(p).
-5
Suppose 3*k - 18 = -3*u, 4*u + 8 - 22 = k. Let j(d) = -4*d**2 + 2*d - k*d + d**3 + 3*d. Let q be -3*(-3 + 2 - 0). Give j(q).
0
Let g = -3 + 5. Let w(p) be the second derivative of -p**2 + 0 - 2*p + 5/6*p**3. What is w(g)?
8
Let b(g) = 2 + 4*g - 6 - 3*g + 3. Let d be ((-2)/(-6))/((-1)/3). Let x = 2 - d. Determine b(x).
2
Let k = 6 - 2. Suppose 3*i = -d + 15, 0 = 3*d - i + k + 1. Suppose 4*c = -d*c + 4. Let w(r) = -3*r**3 + 2*r**2 - 1. Determine w(c).
-2
Let c(r) = r + 4. Let i(a) = 2*a + 8. Let q(p) = 5*c(p) - 2*i(p). Let n be (-195)/27 + 2/9 - -3. What is q(n)?
0
Let w(t) = t. Let b(y) = -5*y. Let n(a) = -b(a) - 6*w(a). Let j(u) = 2*u. Let o(q) = -j(q) - n(q). Let x(g) = -g**2 + 5*g + 4. Let h be x(6). Calculate o(h).
2
Suppose -g + 3 = -0*f - f, 15 = 2*g - 5*f. Let p(z) = z**3 - 5. Calculate p(g).
-5
Suppose -v + 5*d - 7 = 0, 2*v - 61 = -3*d - 2*d. Let o = v - 11. Suppose -2*n + o*n - 5 = 0. Let f(k) = 8*k. What is f(n)?
8
Let y(w) = -2*w - 9. Let d be y(-6). Let v(m) be the first derivative of -3*m**2/2 - 3*m + 1. Determine v(d).
-12
Let v(y) = 2*y**2 + 2*y + 3. Let l be ((-2)/5)/(1/5). What is v(l)?
7
Let z(c) = 2*c**3 - 2*c**2. Let r be (-2)/9 + (-424)/36. Let u be 1/6 + (-22)/r. Calculate z(u).
8
Let p(i) = i**3 - 2*i**2 - 7*i + 5. Let h be (1/2)/(3/24). Determine p(h).
9
Let z(y) be the third derivative of y**4/24 - 3*y**3/2 - 4*y**2. Calculate z(0).
-9
Let w(g) = 4*g**2 + 23*g + 1. Let t(b) = -b**2 - 6*b. Let q(l) = -9*t(l) - 2*w(l). Determine q(-9).
7
Let x(k) = -7*k**2 + 6*k - 7. Let f(n) = 6*n**2 - 5*n + 6. Let l(j) = -6*f(j) - 5*x(j). Let y = -1 - -3. Let g = y + -4. Determine l(g).
-5
Let q = -9 + 3. Let a(w) = -5*w**3 - 4 - 3*w - 3 - 2*w**2 + 6*w. Let s(i) = -14*i**3 - 6*i**2 + 9*i - 20. Let y(g) = q*s(g) + 17*a(g). What is y(2)?
-5
Let i(y) = -y**2 - 6*y + 7. Suppose 15 = -5*d + 5*l, 4*d - 2*l + 52 = -6*l. Determine i(d).
-9
Let d(k) be the third derivative of -k**6/720 + k**5/60 + k**4/8 - 5*k**2. Let h(f) be the second derivative of d(f). Calculate h(-4).
6
Let k(u) = u**2 + 6*u + 4. Let d be k(-4). Let b(o) = 2*o + 6. Let n be b(d). Let l(s) = -s - 17. Let c(t) = 6. Let r(j) = -8*c(j) - 3*l(j). What is r(n)?
-3
Let u be -1 - 2/((-8)/4). Let j(m) be the second derivative of m**4/12 - 2*m. What is j(u)?
0
Let z(h) be the second derivative of h**4/8 - h**3/6 - h**2/2 - h. Let g(s) be the first derivative of z(s). Let p = 0 + 1. What is g(p)?
2
Suppose -2*u = 2*u - 56. Suppose 3*b = 3*o + 9, 5*b + 5*o - 1 = u. Let a(i) = -i**3 + 4*i**2 - 4*i + 2. What is a(b)?
-1
Let f = 8 - 5. Let c = f + -3. Suppose 0 = -c*l + 2*l. Let z(q) = q - 6. What is z(l)?
-6
Let y be 2/(-8) + 37/4. Suppose -4*v + y = -15. Let p(g) = -2*g + 4. What is p(v)?
-8
Let k(y) = 2*y + 12. Let m be k(-5). Let n(s) = 4*s**2 - 3*s - s - m - 3*s**2 - 2*s**2. Give n(-3).
1
Let l(q) = -7*q**3 - 9*q**2 - 10*q + 6. Let f(w) = 15*w**3 + 19*w**2 + 21*w - 13. Let z(o) = 6*f(o) + 13*l(o). Let t = -2 + -1. Calculate z(t).
12
Let b(u) = -u**2 + 6*u + 2. Let d be b(6). Let k(h) = 6*h**d - 2*h + 2*h**3 - 5*h + 3*h - 3*h**3 + 1. Determine k(5).
6
Let k(b) = b**3 - 5*b**2 - 10*b + 7. Let w(j) = 5*j**2 - j + 2. Let h be w(1). Calculate k(h).
-17
Let h(q) = -2*q + 2. Let m(b) = b**3 + 4*b**2 - 7*b - 5. Let g be m(-5). Calculate h(g).
-8
Suppose -7*z = -4*z - 15. Let l(t) = -11*t**3 + 12*t**2 - 19*t + 19. Let h(j) = -5*j**3 + 6*j**2 - 9*j + 9. Let f(w) = 9*h(w) - 4*l(w). What is f(z)?
5
Let r(u) = 5*u + 1. Let h(a) = -5*a - 1. Let b(g) = -4*h(g) - 3*r(g). Suppose -y - 2*y = -3. Determine b(y).
6
Let b(g) = -3*g + 3. Let c(z) = 6*z - 5. Let x(s) = -5*b(s) - 3*c(s). Calculate x(2).
-6
Let b